02. Give m(-9).
12
Let o(s) = -72*s - 906. Calculate o(-13).
30
Let u(r) = -19*r - 314. Calculate u(-21).
85
Let n(y) = y**3 + 5*y**2 - 16*y + 6. Give n(3).
30
Let p(s) = -s**3 + 3*s**2 + 421*s + 1570. Give p(-4).
-2
Let z(b) = 2*b**2 - 43*b + 161. Calculate z(17).
8
Let i(h) = h**2 + 34*h - 246. Determine i(-40).
-6
Let i(q) = q**2 + 65*q + 179. Give i(-62).
-7
Let g(p) = p**3 - 68*p**2 - 14*p + 955. Calculate g(68).
3
Let q(r) = 18*r**2 - 340*r - 68. Determine q(19).
-30
Let w(u) = -u**3 + 38*u**2 - 110*u + 46. Calculate w(35).
-129
Let q(g) = -g**3 - 8*g**2 - 35*g - 345. Determine q(-9).
51
Let b(o) = -o**3 + 25*o**2 - 100*o + 15. Give b(20).
15
Let z(x) = -393*x + 778. Determine z(2).
-8
Let y(w) = 3*w**2 - 20*w - 56. Give y(10).
44
Let g(w) = w**3 + 21*w**2 - 46*w - 6. What is g(-23)?
-6
Let a(d) = -13*d**2 - 470*d - 70. Calculate a(-36).
2
Let g(r) = 11*r**2 + r + 6. Determine g(2).
52
Let n(x) = 5*x**2 - 106*x - 736. What is n(-7)?
251
Let b(i) = -i**3 - 16*i**2 + 51*i + 5. Calculate b(3).
-13
Let f(c) = -c**3 - 27*c**2 - 16*c - 2146. Calculate f(-29).
0
Let h(l) = 104*l - 14776. What is h(142)?
-8
Let x(d) = -d**2 - 333*d - 27375. What is x(-148)?
5
Let i(d) = -196*d + 410. Give i(2).
18
Let k(j) = -j**3 - 13*j**2 - 22*j - 12. What is k(-6)?
-132
Let n(t) = t**2 - 33*t + 160. Calculate n(6).
-2
Let f(p) = -39*p - 333. Calculate f(-9).
18
Let o(h) = h**3 + 4*h**2 - 5*h - 26. Give o(-6).
-68
Let p(s) = -131*s**2 - 4*s + 18. Give p(1).
-117
Let r(s) = -s**3 + 39*s**2 + 168*s + 158. Give r(43).
-14
Let r(y) = -32*y + 696. Give r(21).
24
Let p(v) = -2*v**2 - 12*v - 33. Determine p(-8).
-65
Let t(l) = -l**3 - 47*l**2 - 240*l - 16555. Give t(-49).
7
Let k(f) = f**2 + 41*f + 35. Give k(-40).
-5
Let y(f) = -f**2 - 520*f + 1558. What is y(3)?
-11
Let r(v) = -v**2 - 2*v + 47. What is r(11)?
-96
Let m(r) = -275*r - 688. Give m(-3).
137
Let w(f) = -67*f + 5700. Calculate w(85).
5
Let h(z) = z**3 + 137*z**2 + 398*z + 6. What is h(-3)?
18
Let m(j) = -6*j**2 - 18*j - 15. What is m(-8)?
-255
Let h(j) = 14*j**3 - 6*j**2 - j - 614. Calculate h(0).
-614
Let o(h) = 5*h**2 - 92*h - 160. Give o(20).
0
Let y(z) = 145*z - 2364. What is y(10)?
-914
Let l(k) = k**3 + 8*k**2 - 10*k + 55. What is l(-11)?
-198
Let y(l) = -63*l**2 - 14*l + 7. Calculate y(2).
-273
Let v(r) = r**3 - 45*r**2 + 461*r + 53. What is v(16)?
5
Let t(x) = 22*x - 22. What is t(-1)?
-44
Let v(w) = 19*w - 2408. Calculate v(127).
5
Let i(c) = -c**2 - 50*c + 81. What is i(-15)?
606
Let l(y) = -7*y + 130. Give l(19).
-3
Let z(y) = y**3 + 25*y**2 + 25*y - 3. What is z(-24)?
-27
Let x(k) = -2*k**3 - 372*k**2 + 374*k + 3. Determine x(-187).
3
Let h(i) = i**3 + 7*i**2 - 231*i - 1967. Give h(-9).
-50
Let g(o) = 19*o**2 + 440*o + 62. Determine g(-23).
-7
Let g(o) = o**3 - 36*o**2 - 246*o - 253. Give g(42).
-1
Let z(t) = -3*t**2 + 6*t + 48. Determine z(9).
-141
Let w(b) = -115*b - 11195. What is w(-97)?
-40
Let u(w) = w**3 - 14*w**2 + 23*w - 9. What is u(9)?
-207
Let n(t) = -t**2 + 5*t + 667. Calculate n(-23).
23
Let a(y) = 4*y**3 - 7*y**2 - 33*y - 147. Determine a(-5).
-657
Let c(q) = -7*q**2 - 93*q - 21. Give c(-9).
249
Let l(u) = u**3 + 3*u**2 - 23*u + 36. What is l(0)?
36
Let p(h) = 24*h + 36. What is p(-3)?
-36
Let i(g) = -309*g - 24398. Calculate i(-79).
13
Let j(n) = 69*n - 1448. Determine j(21).
1
Let t(m) = -169*m - 16136. What is t(-95)?
-81
Let o(a) = -a**3 - 31*a**2 + 4*a + 133. Give o(-31).
9
Let l(j) = 5*j**2 + 695*j - 1416. What is l(2)?
-6
Let y(u) = 213*u - 2102. Determine y(10).
28
Let u(c) = -11*c - 170. Determine u(-9).
-71
Let f(g) = g**3 - 3*g**2 - 16*g + 33. What is f(5)?
3
Let a(l) = 10*l**2 + 564*l - 338. Determine a(-57).
4
Let y(r) = -r**2 - 38*r - 263. Give y(-29).
-2
Let m(u) = 2*u + 304. What is m(48)?
400
Let x(z) = -24*z**2 + 8*z - 8. Determine x(1).
-24
Let c(b) = -3*b + 58. Determine c(22).
-8
Let a(h) = 2*h**3 + h**2 - 6*h - 470. What is a(0)?
-470
Let w(y) = -6*y**3 + 31*y**2 + 14*y - 117. Give w(4).
51
Let o(a) = -99*a + 7325. Give o(74).
-1
Let k(o) = -6*o**2 - 115*o + 63. Determine k(-20).
-37
Let h(x) = -6*x**3 - 26*x**2 - 4*x + 15. Determine h(-4).
-1
Let u(a) = 2983*a + 71592. Give u(-24).
0
Let u(c) = c**2 + 138*c + 3726. Calculate u(-38).
-74
Let f(u) = u**3 - 26*u**2 - 20*u - 186. What is f(27)?
3
Let m(a) = -11*a**3 - a**2 + 3*a + 1. Give m(-1).
8
Let k(t) = -668*t + 68816. Give k(103).
12
Let d(a) = a**3 + 18*a**2 + 8*a - 120. Determine d(-17).
33
Let b(z) = z**3 - 94*z**2 - 396*z + 9. Determine b(-4).
25
Let x(d) = d**3 + 8*d**2 - 25*d + 254. What is x(-12)?
-22
Let b(t) = -35*t**3 + 387*t**2 - 25*t + 7. Give b(11).
-26
Let l(a) = -11*a + 149. Calculate l(13).
6
Let t(p) = -3*p**2 + 18*p + 155. Give t(-6).
-61
Let z(l) = 103*l - 772. Calculate z(8).
52
Let x(l) = l**2 + 76*l + 886. Give x(-15).
-29
Let p(i) = -662*i + 23. Give p(1).
-639
Let t(s) = -s**3 - 30*s**2 + 255*s - 156. Calculate t(-37).
-8
Let k(r) = 2*r**2 - 40*r + 134. Give k(16).
6
Let g(y) = y**3 - 20*y**2 + 31*y - 49. Give g(19).
179
Let y(o) = -o**3 - 78*o**2 + 240*o - 217. Give y(-81).
26
Let k(c) = -6*c**3 - 3*c**2 - 3*c + 9. Determine k(4).
-435
Let l(s) = -s**3 - 14*s**2 - 23*s + 37. Determine l(-12).
25
Let a(p) = 8*p**2 - 29*p - 17. Calculate a(4).
-5
Let k(v) = 2*v**2 + 202*v + 1494. What is k(-93)?
6
Let i(w) = -2*w**3 + 14*w**2 + 14*w - 7. What is i(8)?
-23
Let u(r) = 16*r + 113. Calculate u(-13).
-95
Let k(n) = -n**2 - 16*n + 168. Give k(0).
168
Let i(x) = 6*x**3 - 2*x**2 - 18*x - 1. What is i(-3)?
-127
Let r(p) = -3*p**2 - 75*p - 440. Give r(-8).
-32
Let l(z) = -32*z + 6. Determine l(15).
-474
Let h(i) = i**2 + 187*i - 368. Give h(2).
10
Let s(c) = -23*c - 331. Determine s(-18).
83
Let w(d) = d**2 + 58*d - 13540. What is w(-149)?
19
Let j(p) = -4*p**2 - 187*p - 539. Determine j(-3).
-14
Let o(t) = 34*t**2 - 235*t - 29. What is o(7)?
-8
Let j(n) = 13*n**3 + 3*n**2 - 6*n + 4. Give j(1).
14
Let v(q) = -195*q - 3896. What is v(-20)?
4
Let i(g) = 46*g**2 + 9*g + 21. Give i(-4).
721
Let z(t) = -15*t**2 - 1094*t + 121. Give z(-73).
48
Let q(z) = -4*z - 208. Determine q(-9).
-172
Let j(i) = -49*i + 237. Determine j(4).
41
Let g(q) = 571*q - 1140. Calculate g(2).
2
Let t(b) = -1364*b - 9527. Calculate t(-7).
21
Let q(t) = -9*t**2 - 293*t + 31. Calculate q(-31).
465
Let y(x) = -x**2 - 35*x - 180. Determine y(-34).
-146
Let o(y) = -y**3 - 11*y**2 + 20*y + 42. Give o(-12).
-54
Let l(f) = -f**2 - 4*f - 6. Determine l(5).
-51
Let j(r) = -2*r**2 - 24*r + 15. Give j(-13).
-11
Let l(n) = 50*n**3 - 2*n**2 - 15*n + 16. What is l(1)?
49
Let g(t) = 6*t - 180. What is g(18)?
-72
Let h(v) = 3*v**2 - 14*v + 74. Give h(6).
98
Let c(b) = -13*b**2 + 99*b - 297. Give c(3).
-117
Let p(v) = 17722*v + 124052. What is p(-7)?
-2
Let v(k) = 10*k**2 + 63*k + 31. Calculate v(-6).
13
Let m(d) = d**3 - 6*d**2 - 59*d + 199. Give m(11).
155
Let z(s) = s**3 + 49*s**2 + 90*s - 190. Determine z(-47).
-2
Let c(m) = m**2 - 29*m + 173. Determine c(21).
5
Let y(r) = 3*r**3 + 41*r**2 + 126*r + 4. Give y(-9).
4
Let t(p) = 45*p + 1133. Determine t(-25).
8
Let j(d) = -3*d**2 + 337*d + 4335. Calculate j(124).
-5
Let c(x) = -x**3 + 15*x**2 - 19*x - 8. Calculate c(11).
267
Let n(a) = a**2 + 13*a - 8. Determine n(-18).
82
Let u(x) = x**3 - 3*x**2 - 105*x + 66. What is u(-9)?
39
Let i(v) = 8*v - 14. Give i(-7).
-70
Let f(y) = -27*y**3 - 4*y**2 + 5*y - 3. Give f(1).
-29
Let t(n) = 2*n**3 + 29*n**2 - 11*n - 357. Give t(-14).
-7
Let d(o) = o**3 - 195*o**2 - 903*o - 19409. Give d(200).
-9
Let x(u) = 3123*u + 9370. Give x(-3).
1
Let n(o) = -o**2 - 505*o - 8290. Give n(-17).
6
Let y(c) = 6*c - 91. Give y(28).
77
Let r(f) = -77*f - 288. Give r(-5).
97
Let c(s) = -s**3 - 4*s**2 + 136*s - 63. What is c(10)?
-103
Let q(a) = -a**2 - 32*a + 77. Determine q(-34).
9
Let w(y) = -24*y**2 - 549*y - 1. Determine w(-23).
-70
Let x(m) = m**3 + 50*m**2 + 616*m + 8. Give x(-22).
8
Let f(x) = -3*x**2 - 7*x + 103. What is f(-7)?
5
Let y(p) = -4*p**3 + 11*p**2 + 124*p - 361. Calculate y(3).
2
Let h(n) = -2*n**2 - 401*n + 9841. Calculate h(22).
51
Let s(d) = 3*d**2 - 16*d + 10. What is s(-5)?
165
Let r(z) = -z**3 - 2*z**2 + 5*z + 3. What is r(5)?
-147
Let n(k) = 11*k**2 - 310*k - 967. Calculate n(31).
-6
Let v(j) = 11*j**3 + 5*j**2 - 5*j + 6. What is v(2)?